5*v - v = -16. Suppose y*f - 6 = 46. What is the tens digit of f?
1
Let k(i) = -i**3 - i**2 + 4*i + 1. Let a be (4 + -7)*(0 + 1). What is the units digit of k(a)?
7
Suppose 5*v + 4*d = 144 + 231, -2*d + 148 = 2*v. What is the tens digit of v?
7
Let o = -1 - 1. Let m be o/(-5)*(6 + -1). Suppose 1 = l, m*r = -2*r + 4*l + 28. What is the units digit of r?
8
Suppose 2*h + 22 = -26. What is the tens digit of 5/(-1 + h/(-21))?
3
Let a = 50 - 15. Suppose c = -4*c + a. Let s = c + -2. What is the units digit of s?
5
Let m = 11 + -3. Let n = 12 - m. What is the units digit of n?
4
Suppose d = -5*c - 163, -3*c + 0*d = 2*d + 95. Let g = -17 - c. What is the units digit of g?
6
Suppose 0*h = f - 2*h + 6, -4*f = -5*h + 9. Suppose -4*q = -0*q + f. What is the units digit of (-21)/(q - 2)*1?
7
Suppose t + 5*k - 70 = -0*t, 0 = -4*t + 2*k + 236. What is the units digit of t?
0
Let f be 1/(-1*3/(-15)). Suppose 0 = -f*p + 5*u + 60, 0*p - 34 = -3*p + 4*u. What is the units digit of p?
4
Let j = 342 - 243. What is the tens digit of j?
9
Let k = 56 - 31. What is the tens digit of k?
2
Suppose -w - 5*r = -3*r - 3, -w + 4*r + 9 = 0. What is the units digit of w?
5
Let d(m) be the third derivative of -m**4/24 + m**3/3 + m**2. What is the units digit of d(-7)?
9
Let h(j) = j**3 + 5*j**2 + 2*j + 6. Suppose -3*a = -3*d + 4 - 1, 15 = 5*a. Suppose 5*m = d*p, -35 = 5*m + 2*p + p. What is the tens digit of h(m)?
1
Let t be (-2)/(-8) - 348/(-16). Let y = -8 + t. What is the units digit of y?
4
Let q = 6 - 6. Suppose q = 3*s - 0*s - 27. What is the units digit of s?
9
Let o(g) be the first derivative of g**2/2 - g + 3. Let i be o(1). What is the tens digit of 3 + -5 + 14 + i?
1
What is the units digit of 5/(20/(-8)) + 46?
4
Suppose -4*l - 12 = 0, -d - 3*l = 2*d + 3. Suppose -d*p = 2*k - 4, k = -p - 3*p + 11. What is the units digit of p?
3
Suppose -368 = -2*y - 3*i - 2*i, -i + 2 = 0. What is the units digit of y?
9
Let w be (3/(-6) - -2)*2. Suppose r - 3 = -2*h, -3*r = w*h + 2*h - 12. Let g = -4 + r. What is the units digit of g?
5
What is the units digit of (-1 - (-16)/(-6))/((-3)/18)?
2
Let s(x) = x**2 - 7*x + 6. What is the units digit of s(7)?
6
Suppose -5*b = 29 - 114. Suppose 3 - b = -2*f. What is the units digit of f?
7
Suppose 2*l + 0*l - 2*f = 132, l + 2*f - 51 = 0. What is the tens digit of l?
6
Let j(f) be the second derivative of f**4/3 + f**3/6 + f**2/2 - 2*f. Let q be j(-1). Suppose -r = -5, -4*k - q*r = -7*r - 65. What is the units digit of k?
0
Let w(y) = -y**3 - 9*y**2 - 9*y - 4. Let s be w(-8). Let o = s - 0. What is the units digit of o?
4
Suppose 0 = -4*a + 2*s - 10, a + 0*s + 2*s - 5 = 0. Let j be (-2)/3 - 14/6. What is the units digit of (a*5)/(j/3)?
5
What is the units digit of 5/(-20) - 42/(-8)?
5
Let z = 42 - 25. What is the tens digit of z?
1
Suppose -4*f + 29 = 5*g, f - 3*g - 2 = 1. Let h(j) be the third derivative of -j**4/24 + 3*j**3/2 - 2*j**2. What is the units digit of h(f)?
3
Let u(b) be the first derivative of 5*b**2 - 6*b + 3 + 9*b**2 - 12*b**2. What is the units digit of u(4)?
0
Let u(g) = 0*g - 4*g + 5 - 1 + 2*g**2. Let w(d) = -d**2 - 3*d + 3. Let s be w(-3). What is the tens digit of u(s)?
1
Let x be 3/6 - 15/(-2). Suppose -x*r = -11*r + 138. What is the tens digit of r?
4
What is the tens digit of ((-14)/(-5))/(10/75)?
2
Let k = 17 + 48. What is the units digit of k?
5
Let b = -43 - -129. What is the units digit of b?
6
Let q = 114 - 105. What is the units digit of q?
9
Let w(y) = y**2 - 4*y - 5. Let g be w(7). Let r = 30 - g. What is the tens digit of r?
1
Let k(g) = 51*g**3 + g. Let d be k(1). Suppose -5*u = -d - 8. What is the units digit of u?
2
Suppose -4*o - 5*n - 3 = 3, -2*o = 4*n + 6. Let x(g) = 16*g + 1. What is the tens digit of x(o)?
1
Suppose 1481 = b + 263. Suppose -b = 5*x - 4*h, -5*x - 1435 = 4*h - 193. What is the tens digit of x/(-24) + 1/(-4)?
1
Let t be (-2)/(-9) - 1372/(-63). Suppose -z = -3*z + t. What is the tens digit of z?
1
Let u be (-5)/(-5)*(1 + 2). Suppose -t = -u*t. Suppose 2*d - 41 = -5*o, t = 2*o - 0*d + 5*d - 8. What is the units digit of o?
9
Let k be (14/8 + -1)*4. Let z(d) = -2*d**3 + k*d**3 - d**2 - 2*d**2 + 1. What is the units digit of z(3)?
1
Suppose 2*b + 5*b = 1659. What is the units digit of b?
7
Suppose -52*m - 424 = -56*m. What is the units digit of m?
6
Suppose 0*j - 10 = -5*j. Let s(p) = 5*p**3 + 1 + 8*p**j - 6*p**3 + 5 + 9*p. What is the units digit of s(9)?
6
Let p(t) = 5*t + 5. Let q be p(-5). What is the tens digit of 4 - (-2 + 0 + q)?
2
Let w(a) = a**2 - 3*a - 22. What is the tens digit of w(10)?
4
Let a(s) = s + 11. Let z be a(-8). Let d = z + 1. Suppose -4*p + 13 = d*n - 31, 5 = n - 2*p. What is the units digit of n?
9
What is the tens digit of (-5)/(-2)*(-344)/(-10)?
8
Let p be (-4)/20 - 26/(-5). Suppose -p*z = -v + 39, -v - 31 = -2*v + 3*z. What is the units digit of v?
9
Let h = -10 + 4. Let s = 5 - h. What is the units digit of s?
1
Let m(o) = 2*o**2 + 2*o - 1. Let r be m(1). Suppose 4*n = r*n + 9. What is the units digit of n?
9
What is the units digit of (-1 - -56)*(-2 - -3)*1?
5
Suppose 0 = v - 3*f - 42, -f - 3*f + 64 = 2*v. Let n = 77 - v. What is the tens digit of n?
4
Let o(r) = -2*r**2 - 8*r - 4. Let u be o(-4). What is the units digit of ((-66)/55)/(u/70)?
1
Let m = -47 - -88. Suppose -6 = -3*d + 9, -5*d + m = -4*w. Let z(t) = -t**2 - 6*t - 4. What is the units digit of z(w)?
4
Suppose -2*u = -2*f + f + 11, f + 1 = -2*u. Suppose 1 = 4*n - q, f = 3*n - 4*q + 1. Suppose 5*v - 4 - 31 = n. What is the units digit of v?
7
Let j(u) = 5*u**2 + 9*u + 6. What is the hundreds digit of j(-6)?
1
Suppose -3*w + 5 = q, -3*q + 7*q + 4*w - 36 = 0. What is the units digit of q + 0/((-3)/(-1))?
1
Suppose -136 = -3*a - q, 3*a + 3*q - 5*q = 151. Let g = -16 + a. What is the units digit of g?
1
Suppose -4*c - 15 = c. What is the units digit of 2/(1 + (c - -3))?
2
Let n = 27 + -21. What is the units digit of n?
6
Suppose 2*k = -5*l - 88, -l + 92 = -6*l + 2*k. What is the units digit of l*(3/(-9) + 0)?
6
Let n(u) = -11*u + 6. Let j be n(5). Let l = j + 71. What is the units digit of l?
2
Let b(l) be the first derivative of l**4/4 + 5*l**3/3 + 2*l + 2. Let t be b(-5). What is the units digit of (1 - -1) + (t - 2)?
2
Suppose 5*x - 6*m = -4*m + 252, -3*m = -2*x + 92. Suppose h - x = -0*h. What is the units digit of h?
2
Suppose -5*v + 6*i + 125 = i, -4*v - i + 85 = 0. Suppose w = -0*w + v. What is the tens digit of w?
2
Suppose -14 = 4*s + 6, 5*j = -s + 230. What is the tens digit of j?
4
Let v = 4 - 4. Let z(f) = -10 + v + 2*f + 0. What is the units digit of z(7)?
4
Let j(d) = -6*d - 3. Let t be j(-3). Let k = -9 + t. What is the units digit of k?
6
Let j be -1*4/((-4)/9). Let x = j + 7. What is the units digit of x?
6
Suppose 0 = 3*s - 2*s + 3*m - 6, -5*s - 3*m + 42 = 0. Let h = -1 + s. What is the units digit of h?
8
Let n(x) = 104*x**3 - 2*x**2 - 2*x - 1. Let p be n(-1). Let g = -74 - p. What is the units digit of g?
1
Suppose 4*w = -w + 100. Let n = -9 + w. What is the tens digit of n?
1
Suppose 0 = 2*z + 3*z - l + 31, 0 = 5*l - 5. What is the units digit of -1 - (3 + z) - -6?
8
Let b be 57/7 - 6/42. Suppose -b*m + 4*m = 0. What is the units digit of (m - 2) + 0 + 10?
8
Let y be (-5 + 6)*(3 + -1). Suppose 4*i = -i - y*b + 53, -3*i - 2*b + 35 = 0. What is the units digit of (-20)/(-3) + (-6)/i?
6
Let o(r) = 33*r + 15. What is the units digit of o(4)?
7
Suppose 0 = -2*b + 5*w - 7, b + 3*b + 5*w + 59 = 0. Let u = -1 - b. What is the tens digit of u?
1
Let l(t) = 23*t - 1. Let a be l(2). Suppose 0*o - a = -5*o. What is the units digit of o?
9
Let f be (-48)/28*(10 + -3). Let c = f - -18. What is the units digit of c?
6
Let g(o) = 14*o - 1. What is the tens digit of g(2)?
2
Suppose 2*v = 3*k + 24, -4*v = 2*k - 5 - 27. Let o(l) = -l**2 + 9*l + 11. What is the units digit of o(v)?
1
Let n = 73 + -38. What is the tens digit of n?
3
Suppose -4*w = 3*z - 564, 539 + 241 = 4*z - 4*w. What is the hundreds digit of z?
1
Suppose 0 = 4*k - k. Let r be (0 - k)/(0 - -2). What is the units digit of (1 - r)/1 - -5?
6
Let g(v) = -v + 10. Let y be g(6). Suppose -y*l - 5 = -49. What is the units digit of l?
1
Let w(r) = -217*r - 1. What is the tens digit of w(-1)?
1
Let h(c) = 2*c + 9. Let m be h(-6). Let t = 16 